 + 100 = -x*o. What are the prime factors of o?
103
Let v = 34 - 38. List the prime factors of 1*(-4 - -51) + v.
43
Suppose 4*q - 13 = 27. Let c(r) = -8*r - 6. Let w(i) = -i. Let a(d) = 2*c(d) - 20*w(d). List the prime factors of a(q).
2, 7
Suppose 4*a = a - 33. Let v = a - -17. Suppose 0 = -3*t + 27 + v. What are the prime factors of t?
11
Suppose -2*o + 4*c = -3042, 2*o - 2*c - 6084 = -2*o. List the prime factors of o.
3, 13
Suppose -2*k = -3*k + 2. Let q(v) = 3*v**3 + 3*v**2 - 3*v**k + 50 - 2*v**3. What are the prime factors of q(0)?
2, 5
Let j(m) = 8*m - 22. Suppose -3*n - w = -3*w - 17, -15 = -3*w. What are the prime factors of j(n)?
2, 5
Let z(q) = -474*q**3 + 2*q**2 - 1. Let r be z(-1). Suppose 650 = -c + 6*c - 5*h, -5*h + r = 4*c. List the prime factors of c.
5
Let b(j) = -2*j**3 - 6*j + 8. Let o be b(-7). Suppose 5*q = -3*q + o. List the prime factors of q.
2, 23
Let p(y) = y**2 + 12*y + 2. Let u be p(-12). Suppose u*r = 3*r. Suppose 36 = v - 4*b, -4*v + 0*v - 3*b + 144 = r. What are the prime factors of v?
2, 3
Suppose -6*x = -4*x - 6. Let d(v) = 7*v**3 + 8*v - 4. List the prime factors of d(x).
11, 19
Let q(n) = n**3 - 15*n**2 + 8*n - 1. Let x be q(13). Let j = -156 - x. What are the prime factors of j?
79
Let u = 431 - 167. What are the prime factors of (36/6 - 5)/(2/u)?
2, 3, 11
Suppose 5*i - 15 = -o, 5*o + 6 = 3*i + 53. List the prime factors of 696/o + 6/15.
2, 5, 7
Let w(f) = -f**3 - 8*f**2 - 10*f - 9. Let z(m) = m**2 + 6*m + 4. Let i be z(-6). Suppose 9 = -i*l - 19. List the prime factors of w(l).
2, 3
Let i = 3 + 0. Suppose -3*k - 25 = -q, -2*q = i*k - k - 90. Suppose c - q + 4 = 0. List the prime factors of c.
2, 3
Let o(w) = -2*w**3 - 9*w**2 - 4*w + 5. Let k be o(-4). Let u = -297 + 622. Suppose -k*t = -u + 60. What are the prime factors of t?
53
Suppose 77*p - 74*p = 198. List the prime factors of (-4 + p/15)*360.
2, 3
Let a = -14 + 15. Let j(f) = 3*f**3 + f**2 - 1. Let g be j(a). List the prime factors of (-4 - 5)/g + 16.
13
Suppose 2*s = -0*s - 44. Let t = s - -4. List the prime factors of 68*(-3)/t*3.
2, 17
Let w = 502 - 207. List the prime factors of w.
5, 59
Let j = 38 + -38. Suppose -5*r + 4*u = -186, j*u + 16 = -4*u. List the prime factors of r.
2, 17
Let m be (1/(-1) - -2) + 1. Suppose 125 = 5*w - 2*f, 3*f - 13 = m*w - 63. What are the prime factors of (-2)/5 - (-360)/w?
2, 7
Let d(w) = -6*w + 17. Let y be d(-9). Let z = 159 + y. Suppose -4*f + z = 2*v, 0*v - 53 = -f - 2*v. List the prime factors of f.
59
Suppose 2*f - 324 = 5*y, 2*y - 316 = -3*f + 132. Suppose -4*v + 0*x = 2*x - f, -168 = -5*v + 3*x. What are the prime factors of v?
2, 3
Suppose 7 = -r - 9. Let g = 28 - r. List the prime factors of g.
2, 11
Let g = 65 - 19. Let j be (-27 - -4)/(0 + (-4)/4). Suppose -5*h = -2*k + 62 - j, -3*k - 5*h + g = 0. What are the prime factors of k?
17
Let k = 1400 + -746. What are the prime factors of k?
2, 3, 109
List the prime factors of 1/(-3 - -7) - 28701/(-12).
2, 13, 23
Suppose 3*i - 369 = -x, -x + 104 + 289 = -3*i. What are the prime factors of x?
3, 127
Let a = 5457 - 1879. List the prime factors of a.
2, 1789
Suppose 0 = -6*y + 18 + 60. List the prime factors of (-806)/y*2/(-4).
31
Suppose -2*r - 3*o - 5 = 0, -4*r = -3*r + 2*o + 4. Suppose -3*d - 67 = -r*k, -5*k - d = -69 - 107. What are the prime factors of k?
5, 7
Let r(w) = w**2 + 15*w + 29. Let b be r(-13). List the prime factors of (6 - -61)/(3/b).
67
Let j(t) = -1 - 4*t**3 + t**2 + 2*t**3 - 4. What are the prime factors of j(-3)?
2, 29
Suppose 3*u + 10 = 5*u. Suppose 0 = u*v - 5*a - 1165, 4*v + v - 1141 = -3*a. Suppose 0 = -2*x + 7*x - v. List the prime factors of x.
2, 23
Let r = -4 + 4. Suppose r = 12*l - 9*l + 3. What are the prime factors of 68/(6 - (-4)/l)?
2, 17
Let j(m) = -3*m**3 + 17*m**2 + 16*m + 16. What are the prime factors of j(-7)?
2, 883
Let o = 891 + 280. List the prime factors of o.
1171
List the prime factors of (-2)/14 + (-1572714)/(-1001).
1571
Let o be 3 - 2 - -1 - (-125 + 3). Suppose -61*n = -60*n - o. List the prime factors of n.
2, 31
Let z be (-46)/(-8) - (-3)/(-4). Suppose -2*a = k - 66, -2*a + 4*k - 99 = -z*a. Suppose -2*i + a = 3*c, -3*c - 58 = -2*i - c. List the prime factors of i.
2, 3
Suppose -118*q = -108*q - 17740. What are the prime factors of q?
2, 887
Let m be (-1)/2 + 1180/8*-1. Let l = m - -258. List the prime factors of l.
2, 5, 11
Let n(v) = v**3 + 14*v**2 - 3*v - 32. Let d be n(-14). Let k = 26 - d. What are the prime factors of k?
2
Suppose -897 = -4*r + 1487. List the prime factors of r.
2, 149
Let g(j) = 3*j + 5. Let c be g(-2). Let i(m) = 14*m - 1. Let t be i(c). List the prime factors of t*((-5)/3 - -1).
2, 5
Let j = 0 + 11. Let x = 6 - j. Let t = 15 - x. List the prime factors of t.
2, 5
Suppose -2*m - 5*k + 8361 = 0, -73*m - 4*k - 12553 = -76*m. What are the prime factors of m?
47, 89
Let z be (-16)/4*(-2 - 0). Suppose -5*c + c = -z. Suppose 0 = 4*s - c*s - 18. What are the prime factors of s?
3
Suppose -3*k + 22 = 4*s - 47, 0 = -3*s - 3*k + 48. Suppose 30*o = 31*o - s. What are the prime factors of o?
3, 7
Let w(q) = 4*q + 20. Let g be w(-4). Suppose -797 = -g*h + 179. What are the prime factors of h?
2, 61
What are the prime factors of (2/(-14))/(12/(-24612))?
293
Let h be (-6)/(-24) - 126/(-8). Let v be (12 - h)/(1/(-52)). Let m = v - 148. List the prime factors of m.
2, 3, 5
Let f be (0/1)/(15 - 13). Let x be (3/(-6) + 1)*f. Suppose 0 = 3*i + i - 5*r - 66, 5*r - 10 = x. What are the prime factors of i?
19
Suppose a - 5 = -4*j, -2 = 5*j - 2*a + 6*a. Suppose -2*i - 10 = 0, 4*l + 2*i = -j*i + 124. Let p = l + -20. What are the prime factors of p?
2
List the prime factors of (-1033)/(-5) - 114/(-285).
3, 23
Let l be (930/2)/(24/16). Let t = l - 147. List the prime factors of t.
163
Let l = 360 + -252. List the prime factors of l.
2, 3
Let w = -90 - -103. Suppose -270 = w*m - 3897. What are the prime factors of m?
3, 31
Let m = 3 - 2. Suppose -22 = 3*v - f, v - 3*f - 2*f = 2. Let q = m - v. List the prime factors of q.
3
Suppose -a + 22 = 4*w, -3*a = -2*a - w - 22. Suppose -z = 104 + a. Let m = z + 186. List the prime factors of m.
2, 3, 5
Suppose 247*z = 216*z + 147529. What are the prime factors of z?
4759
Let k(s) = -s**3 + 15*s**2 - 26*s + 26. Let g be ((-6)/4)/3*-22. What are the prime factors of k(g)?
2, 7
Suppose -7*n - 2201 = -3*y - 8*n, 0 = -2*y - 2*n + 1470. List the prime factors of y.
733
Suppose k + 3*g = 50 + 25, -4*k = -2*g - 356. What are the prime factors of k?
3, 29
What are the prime factors of ((-3)/(-6))/((-762870)/47680 - -16)?
2, 149
Suppose 0 = 5*g - 2*g. Suppose -m + 3*z + 21 + 6 = 0, 2*m - 3*z - 69 = g. What are the prime factors of m?
2, 3, 7
Let r(c) = -c**3 + 2*c**2 + 8*c + 2. List the prime factors of r(-4).
2, 3, 11
Let b = -6 - -7. What are the prime factors of b + (-2 - (-1 - 5))?
5
Let k = 2174 - 1137. What are the prime factors of k?
17, 61
Suppose -129678 + 16788 = -53*t. List the prime factors of t.
2, 3, 5, 71
Suppose 0*p + 2*p = 0. Suppose b = -p + 2. Let s(y) = 12*y + 3. What are the prime factors of s(b)?
3
Let w(h) = -h**3 + 8*h**2 + 17*h + 23. Let t be w(10). Let a(g) = 2*g**3 + 15*g**2 + 7*g + 9. List the prime factors of a(t).
3
Let f(m) = m**3 - 11*m**2 - 11*m - 10. Let t be f(12). Suppose -t*y + 30 + 170 = -2*j, 0 = j - 5. Let n = y - 62. List the prime factors of n.
43
Let s be (-23 + -1)*8/12. Let t(y) = -2*y. What are the prime factors of t(s)?
2
Let n(j) = -j**3 + j**2 - j. Let q(z) = -4*z**3 + 4*z**2 - 7*z - 2. Let p(u) = 6*n(u) - q(u). Let t be p(2). What are the prime factors of (4*(-6)/t)/1?
2, 3
Let a(m) = 12*m + 190. List the prime factors of a(15).
2, 5, 37
Let o(p) = p**2 + p. Let n(r) = 13*r**3 + 3*r**2 + 1. Let w(y) = -n(y) + o(y). Let q be w(-2). Let k = q + -65. List the prime factors of k.
2, 7
Suppose 205*y - 198*y = 24591. List the prime factors of y.
3, 1171
Suppose -27*r + 13196 = -63781. What are the prime factors of r?
2851
What are the prime factors of (-1 + (2 - 80/15))*-102?
2, 13, 17
Let a = -8 + 19. Let c = a - 9. Suppose -c*o - 7 = -2*v + 3, -22 = -2*v - o. What are the prime factors of v?
3
Let s = -2761 + 3907. List the prime factors of s.
2, 3, 191
What are the prime factors of (-2)/4*(88/(-8) + -1791)?
17, 53
Let l be (-6)/(-15)*